. Calculate d(w).
-5
Let v = -78 + 73. Suppose 4*w - 2*o - 4 = 0, -2*w = -0*w - 5*o + 6. Let l(m) = -4*m**2 - w - m**2 - 4 - m**3. What is l(v)?
-6
Let d(g) = g**3 - g**3 + 4*g**2 - g**3 - g. Suppose -4*o - 4 = -20. Let r be d(o). Let w(p) = -p**3 - 3*p**2 + 6*p + 6. What is w(r)?
-2
Let g(c) be the third derivative of c**4/24 - c**3/2 + c**2. Suppose -2*s - 24 = s. Let l(h) = -h - 11. Let n be l(s). Give g(n).
-6
Let y(p) = 4*p + 5*p**2 - 5*p - 2*p**2. Let o = -41 + 40. What is y(o)?
4
Let q be 16/10 - 4/(-10). Suppose 4*u + 4*o - 11 = 3*o, -5*u + q*o = -17. Let k(l) = -l + 2. Let h be k(u). Let p(j) = 4*j**3 - 1. Calculate p(h).
-5
Let j(h) = -h**2 + 3*h + 2. Suppose 5*b - 4*b - 12 = -4*p, -5*p + b + 6 = 0. Let t be (-7)/(-2) + 7/(-14). Suppose 0 = p*y - 3*y + t. Determine j(y).
2
Let r(j) = -j + 4 - 4*j + 7*j. What is r(-7)?
-10
Let p = -4 + 0. Let j = p - -4. Let u(z) be the third derivative of -z**6/120 + z**5/60 - z**4/24 - 5*z**3/6 - 2*z**2. Determine u(j).
-5
Let s be (-1)/(-2) - (-11)/2. Let a(v) = -v**3 + 5*v**2 + 8*v - 7. Calculate a(s).
5
Suppose 4*b - 3 = -q, -b + 0*q - 2*q - 8 = 0. Let z(l) = -l - 6 + l + l**b. Let u(j) = -j - 4. Let g be u(-4). Give z(g).
-6
Let n(m) be the second derivative of m**4/12 - m**3/6 + 5*m**2/2 - m. Let i(z) = -z**3 + 5*z**2 - 2*z + 10. Let v be i(5). Determine n(v).
5
Let u(f) = -50*f - 47*f + 11 - 3 + 99*f. Give u(-6).
-4
Let g(d) = -d**3 + 3*d**2 - 2*d + 3. Let z = -4 - -4. Let h = z + -6. Let a = h + 9. Give g(a).
-3
Let k(d) = -2 - d**2 + 4*d + 4 + 1 - 4. Suppose 0 = -u - 3*u + 8. What is k(u)?
3
Suppose 8 = -4*k + 36. Suppose -2*q = -7 - k. Let g(n) = n - n + 0*n + n - q. Calculate g(5).
-2
Let f(n) = -n - 12. Let s be (-2 - 0)*1 - 0. Let g be 4*s - (1 + -2). Let r(m) = -m**2 - 5*m + 9. Let p be r(g). Give f(p).
-7
Let n(p) be the second derivative of p**5/10 + p**4/6 - p**2/2 - 3*p. Let z be n(-1). Let y(x) = x**3 + x**2 + x + 1. Give y(z).
0
Let a(z) be the second derivative of z**5/10 + z**4/12 - z**3/3 + z**2/2 - 15*z - 2. Calculate a(1).
2
Let p(s) = s**3 + s**2 - 1. Suppose -2*c = 3*c - 75. Suppose -5*m - 5*x - 5 - 5 = 0, 3*m - 4*x = c. Calculate p(m).
1
Suppose -4*n - 12 = 2*z, 3*z + n = -0*z - 3. Let w(t) = -6 + t - 3 + 5. Calculate w(z).
-4
Let h(o) = 2*o - 6. Let q(u) = 2*u - 7. Let c(b) = -5*h(b) + 4*q(b). Let p(y) = y - 1. Let k(w) = -2*w + 11. Let a(f) = k(f) + p(f). Let m be a(5). Give c(m).
-8
Let f(i) = i**2 - 2. Let v be f(3). Let k(p) = -p**3 + 8*p**2 - 7*p - 5. Let t be k(v). Let x(u) be the first derivative of u**2/2 + 7*u - 2. What is x(t)?
2
Suppose -2*z + 3*p = -33, -3*z = 5*p - 1 - 1. Let g = z + -4. Let w(b) = -b**2 + 4*b + 6. What is w(g)?
1
Let o be (38/(-57))/((-1)/6). Let i(m) = m**3 - 4*m**2 - m + 2. What is i(o)?
-2
Let w(r) be the first derivative of 2*r**4/3 + r**2/2 + 2*r + 1. Let b(j) be the first derivative of w(j). What is b(-1)?
9
Suppose -16 = 3*j - a, -a = -j + 3*a + 2. Let y(b) = -7*b**3 - 7*b**2 + b - 23. Let z(k) = 4*k**3 + 3*k**2 - k + 12. Let r(g) = -3*y(g) - 5*z(g). Give r(j).
-3
Let f(z) = 2*z**2 + 11*z - 10. Let m(u) = u**2 + 10*u - 9. Let l(c) = -2*f(c) + 3*m(c). Give l(5).
8
Let u(y) = y**3 - 7*y**2 - 8*y - 1. Let b be u(8). Let s = 1 + b. Let n(g) = g**2 + g + 2. What is n(s)?
2
Let x(q) be the second derivative of 3/2*q**2 + 0 - 7/12*q**4 - 2*q - q**3 - 1/20*q**5. What is x(-6)?
3
Let l(v) = v**3 + 0*v**3 - 6*v + 8*v + 3 + 5*v**2 + 3*v. Let d(m) = -m**2 + m - 1. Let w(j) = -d(j) + l(j). Determine w(-5).
9
Let r(y) = -4*y**2 - 16*y + 2. Let f(p) = -3*p**2 - 11*p + 1. Let g(o) = -7*f(o) + 5*r(o). Determine g(4).
7
Suppose 2 = 2*n - n. Suppose 3*r + 1 = j - 4, j = -4*r - n. Let d(y) = y**3 - 2*y**2 + 2. What is d(j)?
2
Let f = 57 - 29. Suppose f = -3*r - r. Let q = -4 - r. Let h(k) = -3*k + 1. Determine h(q).
-8
Let b(g) = -g**3 + 5*g**2 + 1. Let a(o) = -o**2 - 7*o - 1. Let n be a(-6). Determine b(n).
1
Let u(c) = -2*c**3 - 4*c**2 - 3*c - 2. Let v(l) = -l - 3. Let b be v(0). Let h = b - -6. Suppose 0*p + h*p + 6 = 0. Determine u(p).
4
Let c(v) be the first derivative of -v**4/4 + v**3 + 3*v**2/2 + v + 11. Let m be 1/(0 - 1/(-3)). Give c(m).
10
Let n(v) = 5*v - 5*v + 3*v. Calculate n(-2).
-6
Suppose -3*l + 1 + 5 = 0. Let i = 4 + -3. Let c = l + i. Let j(r) = -r - 1. Determine j(c).
-4
Let s(g) = -g**2 + 4*g - 2. Suppose 19 - 2 = 5*m - d, -23 = -2*m - 5*d. Calculate s(m).
-2
Let w(i) be the first derivative of -i**3/3 - i - 6. Determine w(4).
-17
Suppose -5*m - 11 = -4*l - 1, -4 = 2*m + l. Let j be (m/((-4)/2))/1. Let z(u) = -2 + 0 + 2*u**2 + j. Determine z(2).
7
Suppose 1 = -c + 4. Let s(g) = 3*g + c*g - 4*g + g**2. What is s(-2)?
0
Let l(t) = -6*t. Let r = -13 - -12. Let d = -2 - r. What is l(d)?
6
Let a be (15/10)/((-9)/(-5)). Let h(w) be the second derivative of -3*w + a*w**3 + 0 - w**2 - 1/20*w**5 + 1/12*w**4. What is h(3)?
-5
Suppose 15 = -4*a - 13. Let t(l) = -l**3 - 7*l**2 + 2*l + 7. Determine t(a).
-7
Let h(x) = x**3 + 4*x**2 - 2*x - 6. Let o = -12 - -8. Calculate h(o).
2
Let j(o) be the second derivative of 7*o**3/3 + 3*o**2/2 - 5*o. Let k(r) = -41*r - 8. Let u(x) = -11*j(x) - 4*k(x). Calculate u(-1).
-11
Suppose 4*c - 5 = 3. Let j = -2 - -5. Let l(g) = 0*g - 2*g**3 - 3 + 3*g**3 + j*g - g**2. What is l(c)?
7
Let f(l) be the first derivative of l**6/72 + l**5/60 - l**4/24 - 4*l**3/3 - 3. Let t(i) be the third derivative of f(i). Calculate t(1).
6
Let s be 75/10*((-48)/15)/(-4). Let j(d) = -d**3 + 7*d**2 - 5*d - 2. What is j(s)?
4
Let p be (-30)/(-12)*12/(-15). Let d(u) = -5*u**2 + u + 2. What is d(p)?
-20
Let v(a) = -4*a + 9*a + 7 - 6*a + 5. Give v(0).
12
Suppose 4*o = 9*o - 15. Let r(l) = -l - l + 2 + o*l - 1. Calculate r(3).
4
Let x(o) = -o**2 - 4*o + 2. Suppose 6*s + 36 = 12. Determine x(s).
2
Let v(a) be the third derivative of a**6/120 + a**5/12 + a**4/12 - a**3/3 + a**2. Suppose 3*c + 8 = c. What is v(c)?
6
Let b be (12/(-48))/((-2)/8). Let o(s) = b + 3 - 4*s + 1 - 2. Give o(2).
-5
Let u(f) = 0*f**3 + 4*f**2 + 9*f + 6 - 2*f - 5*f - f**3. Determine u(5).
-9
Let a(p) = -2*p. Let l(u) = u**3 + 4*u**2 + 2*u - 1. Let w be l(-3). Suppose 3*q - 35 = w*q. Suppose -2*h - 4*f = -0*f - 22, q = 5*h + 5*f. Give a(h).
-6
Let r(k) be the first derivative of k**2/2 + 8*k - 4. Suppose 0 = -4*z + 16 - 44. Determine r(z).
1
Let z(p) be the second derivative of p**5/20 - p**4/6 - p**3/2 + p**2/2 + 6*p. Determine z(3).
1
Let f(g) = 0*g**2 + g**2 - 6*g - 1 + 3. Let k be 10*((-80)/25)/(-8). Determine f(k).
-6
Suppose -2*w - 19 = -3*d - 7, 24 = -4*w - 4*d. Let o(f) = f**2 + f - 1. Let u(l) = -5*l**2 + 10. Let n(t) = w*o(t) - u(t). Give n(-3).
5
Let s(b) = -b**2 - 10*b + 7 + 7*b - 1. Let n = 8 - 13. Give s(n).
-4
Let h be (-4 - (0 - 4))/(-3). Let b(a) = a**2 - a + 7. Give b(h).
7
Let u(a) be the second derivative of 11*a**5/20 + a**4/12 - 20*a. Let l(c) = -2*c**2 + c. Let j be l(1). Let t be j - -1 - (3 + -4). Give u(t).
12
Let w(d) be the first derivative of -d**2/2 - 3*d - 1. Suppose 5*r - 3 - 7 = -5*c, -3*c + 4 = 2*r. Suppose 5*z - j - 17 = 0, 2*z - j + c = 8. Calculate w(z).
-6
Let n(g) = -g**2 - 10*g. Let f = -52 + 42. What is n(f)?
0
Let x(v) = v + 13. Let s be (18/4)/(4/(-8)). Let u be x(s). Let c be -1 - -3 - (0 + u). Let r(z) = -z**3 + z**2 + 1. Determine r(c).
13
Let z = -6 + -7. Let t = 2 - z. Suppose r + 4*r - t = 0. Let l(h) = h**2 - 5*h + 2. Give l(r).
-4
Let o(w) be the first derivative of -3*w - 3/2*w**2 - 1. Determine o(-2).
3
Let l(m) = 2*m**2 + 4*m + 2. Let i(k) = -k + 8. Let u be i(6). Let x = -5 + u. Determine l(x).
8
Let u(r) = 2*r + 3. Let i(t) = t**2 + 1. Let n be i(-1). Let x be 44/10 - (-12)/(-30). Suppose 2*z - d - 8 = -x*d, -2*z - 12 = -n*d. What is u(z)?
-1
Let z(m) = 4*m. Let q(t) = t + 11. Suppose -20 + 0 = -4*i. Suppose 2*g + 11 = -i*w + 4*w, 5*w + 41 = 4*g. Let y be q(w). Determine z(y).
8
Suppose 3*f = -2*f + 2*m + 30, 2*f - 33 = 5*m. Let l(h) = -3*h - 1 + 0 + 4 + h. Give l(f).
-5
Let x(i) = -i**2 + 9*i - 12. Let d = -68 - -76. What is x(d)?
-4
Let d = -12 - -10. Let s(t) = 2*t**2 + 2*t - 1. Determine s(d).
3
Suppose -4*g + m = -m - 12, 6 = 2*g - 4*m. Suppose 11 = 3*q - g*y - 7, 3*y = -9. Let n be q*1 - 24/3. Let d(o) = -o - 2. Determine d(n).
3
Let q(h) be the third derivative of h**5/60 - h**4/6 + h**3/3 + 5*h**2. Calc